- 4?
164
In base 11, what is 4 + -1974?
-1970
In base 2, what is 10000100 + -1100?
1111000
In base 15, what is 68 - -b?
74
In base 9, what is 335 + -1?
334
In base 13, what is 74c - a?
742
In base 12, what is -4 - 197?
-19b
In base 12, what is 124 - 2?
122
In base 3, what is 12 + 11120?
11202
In base 14, what is 18d - 5?
188
In base 10, what is 285 + -8?
277
In base 15, what is 144 + 2?
146
In base 7, what is 1043 - -21?
1064
In base 11, what is -9 + 55?
47
In base 4, what is -3300 - -10?
-3230
In base 11, what is 61 - 14?
48
In base 13, what is 67a8 - -1?
67a9
In base 8, what is -6340 + 3?
-6335
In base 15, what is 8 + 75?
7d
In base 3, what is -10 + -1122112?
-1122122
In base 3, what is 220 - 2?
211
In base 6, what is 0 + 25350?
25350
In base 4, what is 11 + 10010?
10021
In base 15, what is 51 + -7?
49
In base 5, what is 4333 - -33?
4421
In base 6, what is 230 + -24?
202
In base 15, what is -4 - -26db?
26d7
In base 15, what is 139 - -12?
14b
In base 16, what is a - -b6?
c0
In base 4, what is 2 - 111011?
-111003
In base 3, what is 22 - 1102?
-1010
In base 11, what is -63 + 2?
-61
In base 10, what is -4 + 382?
378
In base 13, what is 109 + -3?
106
In base 14, what is 19c + 4?
1a2
In base 13, what is -2 + 101?
cc
In base 7, what is -302 - 5?
-310
In base 16, what is 0 - 32?
-32
In base 7, what is -32 + -6?
-41
In base 3, what is -101002011 + -1?
-101002012
In base 7, what is 1 - -22?
23
In base 2, what is -10111 + 111111?
101000
In base 8, what is 4 + -4?
0
In base 11, what is -5080 + -1?
-5081
In base 14, what is -20 + 0?
-20
In base 4, what is 1 + -30223?
-30222
In base 13, what is 3 - -31?
34
In base 4, what is 121231 + 2?
121233
In base 4, what is 103013 - 1?
103012
In base 14, what is -4 - -39?
35
In base 12, what is 5 - -1a1?
1a6
In base 2, what is -111 - -1011100001?
1011011010
In base 14, what is -59 + -22?
-7b
In base 16, what is -1b + 5?
-16
In base 7, what is 3 + 25?
31
In base 2, what is -11 + 11?
0
In base 16, what is e + 3fd?
40b
In base 14, what is c + 1?
d
In base 4, what is 333 - -20?
1013
In base 10, what is -4392 - 4?
-4396
In base 5, what is 4 - -144?
203
In base 8, what is 34 - 2?
32
In base 9, what is -3 + 124?
121
In base 8, what is 2 - -4?
6
In base 6, what is 1 - 2221?
-2220
In base 13, what is 85b - 3?
858
In base 6, what is 1 + 3541?
3542
In base 13, what is 16 + b6?
cc
In base 7, what is 6106 - 5?
6101
In base 2, what is -100 + 11011001?
11010101
In base 16, what is -d75 + 3?
-d72
In base 14, what is 4 - -712?
716
In base 9, what is 100 - 14?
75
In base 2, what is 1011 - -100000?
101011
In base 11, what is 296 + 3?
299
In base 2, what is -101 + 1011?
110
In base 3, what is 10 + 2?
12
In base 2, what is 10 + -1101000?
-1100110
In base 8, what is -2 + -25?
-27
In base 2, what is -110111001 + 1?
-110111000
In base 3, what is 11 - -100122?
100210
In base 10, what is -5 + -4466?
-4471
In base 9, what is 7 - 2167?
-2160
In base 8, what is 4 + 72?
76
In base 12, what is 61 - -3?
64
In base 15, what is 56a - 6?
564
In base 9, what is 1 - -10?
11
In base 2, what is 10111 + -1110?
1001
In base 13, what is -4 - 74?
-78
In base 7, what is -10525 + 5?
-10520
In base 6, what is -5 - -135?
130
In base 2, what is -100 + -1000001100?
-1000010000
In base 13, what is 5a + 34?
91
In base 2, what is 11110011100000 + -10?
11110011011110
In base 5, what is 0 + 13302?
13302
In base 6, what is 1320 - 0?
1320
In base 13, what is -3 - -b9?
b6
In base 3, what is 221 - 101?
120
In base 4, what is 21 - 12230?
-12203
In base 15, what is 3 - 22d?
-22a
In base 12, what is 23 - -38?
5b
In base 15, what is -541 - 3?
-544
In base 3, what is 121212102 - -2?
121212111
In base 13, what is b + 16?
24
In base 11, what is 0 - 243?
-243
In base 11, what is 17 + -36?
-1a
In base 13, what is 3 - -25?
28
In base 10, what is -569 - 18?
-587
In base 8, what is 20 - 3?
15
In base 8, what is -60 + -50?
-130
In base 4, what is 1132331 - 3?
1132322
In base 2, what is -1000100100 - 100100?
-1001001000
In base 6, what is -1423 + 10?
-1413
In base 3, what is 2120002 - 10?
2112222
In base 11, what is 4 + -86?
-82
In base 6, what is -13 - 41?
-54
In base 16, what is 0 - 75?
-75
In base 11, what is -155 + 141?
-14
In base 7, what is -440 + 42?
-365
In base 4, what is 0 + 101?
101
In base 4, what is 2 + -31?
-23
In base 12, what is -2 + -2bb?
-301
In base 6, what is -3 - -3443?
3440
In base 7, what is 634 - 2?
632
In base 11, what is -5 - -3329?
3324
In base 2, what is -110 - -1010?
100
In base 8, what is -44 + 1?
-43
In base 11, what is -9 + 9?
0
In base 6, what is -5 + 140?
131
In base 15, what is 4 + 312?
316
In base 12, what is 0 - -39?
39
In base 12, what is -7 + 2b?
24
In base 9, what is 171 - -2?
173
In base 12, what is 4 + -443?
-43b
In base 15, what is -30 - -14?
-1b
In base 4, what is 21123 + 1?
21130
In base 14, what is -4 - 177?
-17b
In base 5, what is 10 - 2?
3
In base 11, what is 6 + 8?
13
In base 8, what is 4 + 10503?
10507
In base 16, what is 138 - 4?
134
In base 11, what is 4997 + -1?
4996
In base 14, what is -6463 + -4?
-6467
In base 3, what is -222220 - 1022?
-1001012
In base 10, what is -21 + -503?
-524
In base 3, what is -1001 + -10?
-1011
In base 7, what is 11050 + -2?
11045
In base 8, what is -1013 - -7?
-1004
In base 9, what is 2 + 148?
151
In base 11, what is -5 + -32?
-37
In base 8, what is 5063 - -5?
5070
In base 9, what is 4 + 48?
53
In base 14, what is 1a - 31d?
-303
In base 2, what is 101 + -1100101101100?
-1100101100111
In base 13, what is -636 + 5?
-631
In base 15, what is -d9 - -16?
-c3
In base 16, what is 2 + 11?
13
In base 9, what is -3 - 73?
-76
In base 10, what is -4 + 55?
51
In base 10, what is 11246 + -2?
11244
In base 14, what is -818 + 4?
-814
In base 2, what is 11010 - 10011?
111
In base 11, what is 7 - -2a7?
303
In base 2, what is 1011011111 + -1?
1011011110
In base 12, what is 110a3 + -4?
1109b
In base 13, what is 1 - 1c51?
-1c50
In base 10, what is 4 + -38?
-34
In base 12, what is -11 - -42?
31
In base 14, what is -c + 96?
88
In base 3, what is -100 + -11211?
-12011
In base 3, what is -2102120 + -2?
-2102122
In base 12, what is 6a - 2?
68
In base 15, what is 21ce + -1?
21cd
In base 7, what is -6 - -2121?
2112
In base 10, what is -282 + 13?
-269
In base 12, what is -1831 + -a?
-183b
In base 12, what is 201 - -1?
202
In base 8, what is 474 + -4?
470
In base 2, what is -11 + 10000001011?
10000001000
In base 13, what is 1 - -71?
72
In base 16, what is -5 - -8f?
8a
In base 2, what is -11 + -11101111?
-11110010
In base 11, what is 4946 - 5?
4941
In base 11, what is 18 - 23?
-6
In base 14, what is 5 + -76?
-71
In base 4, what is 2 + -11301?
-11233
In base 2, what is 1100001011 - 101?
1100000110
In base 11, what is 5 - a1?
-97
In base 5, what is 10 + 122?
132
In base 13, what is -1 + 1468?
1467
In base 2, what is -11 - -100?
1
In base 5, what is 2122 - -3?
2130
In base 4, what is -13133 - -11?
-13122
In base 12, what is 3 + 177?
17a
In base 5, what is 4 - -142?
201
In base 14, what is d0 + -33?
9b
In base 11, what is -21 + 8?
-14
In base 11, what is -76a - -3?
-767
In base 14, what is -1db - -3?
-1d8
In base 8, what is 737 - -5?
744
In base 2, what is 1110111100001 - 1?
1110111100000
In base 10, what is -3311 - 2?
-3313
In base 16, what is 27 - 4c?
-25
In base 2, what is -1110 - -11011?
1101
In base 13, what is 375 + 3?
378
In base 11, what is -2147 - -2?
-2145
In base 2, what is -101 + 1100101010?
1100100101
In base 11, what is -3 - 28?
-30
In base 3, what is -11 - -10002011?
10002000
In base 5, what is -22 - -202?
130
In base 11, what is -3 - 139?
-141
In base 7, what is -5 - 243?
-251
In base 15, what is a36 - c?
a29
In base 6, what is -2 + 144?
142
In base 14, what is -1a - -4?
-16
In base 16, what is 248 + 0?
248
In base 2, what is 1 - 11101100110?
-11101100101
In base 11, what is -7 + -92a?
-936
In base 5, what is -222 + -10?
-232
In base 16, what is 11f + -5?
11a
In base 8, what is -52 + -1?
-53
In base 2, what is -11 + -1001100?
-1001111
In base 9, what is -178 + -13?
-202
In base 6, what is 0 - -133?
133
In base 4, what is 330321 + -3?
330312
In base 13, what is 2 - 12?
-10
In base 3, what is 0 + -101?
-101
In base 12, what is b - -97?
a6
In base 4, what is -101013 + 10?
-101003
In base 2, what is 100100101 + -1000?
10001110